{"id":1649,"date":"2018-08-16T08:23:35","date_gmt":"2018-08-16T08:23:35","guid":{"rendered":"http:\/\/themes.themegoods.com\/architecturer\/demo\/?page_id=1649"},"modified":"2018-08-16T08:23:35","modified_gmt":"2018-08-16T08:23:35","slug":"animated-frame-slider","status":"publish","type":"page","link":"https:\/\/bensdesign.ma\/new2\/animated-frame-slider\/","title":{"rendered":"Animated Frame Slider"},"content":{"rendered":"\t\t<div data-elementor-type=\"wp-post\" data-elementor-id=\"1649\" class=\"elementor elementor-1649 elementor-bc-flex-widget\">\n\t\t\t\t\t\t\t\t\t<section class=\"elementor-section elementor-top-section elementor-element elementor-element-5fe6b24 elementor-section-stretched elementor-section-full_width elementor-section-height-default elementor-section-height-default\" data-id=\"5fe6b24\" data-element_type=\"section\" data-settings=\"{&quot;stretch_section&quot;:&quot;section-stretched&quot;,&quot;architecturer_ext_is_background_parallax&quot;:&quot;false&quot;,&quot;architecturer_ext_is_background_on_scroll&quot;:&quot;false&quot;}\">\n\t\t\t\t\t\t<div class=\"elementor-container elementor-column-gap-default\">\n\t\t\t\t\t<div class=\"elementor-column elementor-col-100 elementor-top-column elementor-element elementor-element-0274439\" data-id=\"0274439\" data-element_type=\"column\" data-settings=\"{&quot;architecturer_ext_is_mobile_menu&quot;:&quot;false&quot;,&quot;architecturer_ext_is_scrollme&quot;:&quot;false&quot;,&quot;architecturer_ext_is_smoove&quot;:&quot;false&quot;,&quot;architecturer_ext_is_parallax_mouse&quot;:&quot;false&quot;,&quot;architecturer_ext_is_infinite&quot;:&quot;false&quot;,&quot;architecturer_ext_is_fadeout_animation&quot;:&quot;false&quot;}\">\n\t\t\t<div class=\"elementor-widget-wrap elementor-element-populated\">\n\t\t\t\t\t\t\t\t<div class=\"elementor-element elementor-element-7892ea4 elementor-widget elementor-widget-photographer-slider-animated-frame\" data-id=\"7892ea4\" data-element_type=\"widget\" data-settings=\"{&quot;architecturer_ext_is_mobile_menu&quot;:&quot;false&quot;,&quot;architecturer_ext_is_scrollme&quot;:&quot;false&quot;,&quot;architecturer_ext_is_smoove&quot;:&quot;false&quot;,&quot;architecturer_ext_is_parallax_mouse&quot;:&quot;false&quot;,&quot;architecturer_ext_is_infinite&quot;:&quot;false&quot;,&quot;architecturer_ext_is_fadeout_animation&quot;:&quot;false&quot;}\" data-widget_type=\"photographer-slider-animated-frame.default\">\n\t\t\t\t<div class=\"elementor-widget-container\">\n\t\t\t<div class=\"tg_animated_frame_slider_wrapper slideshow\" data-background=\"#ffffff\">\n\t<div class=\"slides\">\n\t\t\t<div class=\"slide slide--current\">\n\t\t\t\t<div class=\"slide__img\" style=\"background-image:url(http:\/\/themes.themegoods.com\/architecturer\/demo\/wp-content\/uploads\/2018\/08\/A1KvjZmiERL.jpg);\"><\/div>\n\t\t\t\t<div class=\"slide__content\">\n\t\t\t\t\t\t\t\t     \t\t<h2 class=\"slide__title\">Riverside Home<\/h2>\n\t\t\t     \t\t\t\t\t\t\t<p class=\"slide__desc\">The life of a designer is one of fight: fight against the ugliness<\/p>\n\t\t\t\t\t\t\t\t\t\t<a class=\"slide__link\" href=\"http:\/\/themes.themegoods.com\/architecturer\/demo\/single-portfolio-3\/\">View Project<\/a>\n\t\t\t\t<\/div>\n\t\t<\/div>\n\t\t\t<div class=\"slide \">\n\t\t\t\t<div class=\"slide__img\" style=\"background-image:url(http:\/\/themes.themegoods.com\/architecturer\/demo\/wp-content\/uploads\/2018\/08\/d79a08f0c0f0e26dc960695470824495.jpg);\"><\/div>\n\t\t\t\t<div class=\"slide__content\">\n\t\t\t\t\t\t\t\t     \t\t<h2 class=\"slide__title\">Portland Home<\/h2>\n\t\t\t     \t\t\t\t\t\t\t<p class=\"slide__desc\">Everything is designed. Few things are designed well<\/p>\n\t\t\t\t\t\t\t\t\t\t<a class=\"slide__link\" href=\"http:\/\/themes.themegoods.com\/architecturer\/demo\/single-portfolio-5\/\">View Project<\/a>\n\t\t\t\t<\/div>\n\t\t<\/div>\n\t\t\t<div class=\"slide \">\n\t\t\t\t<div class=\"slide__img\" style=\"background-image:url(http:\/\/themes.themegoods.com\/architecturer\/demo\/wp-content\/uploads\/2018\/08\/walled-tsingpu-yangzhou-retreat-neri-hu-hotel-china-architecture_dezeen_sq1-2.jpg);\"><\/div>\n\t\t\t\t<div class=\"slide__content\">\n\t\t\t\t\t\t\t\t     \t\t<h2 class=\"slide__title\">Elegant Brick House<\/h2>\n\t\t\t     \t\t\t\t\t\t\t<p class=\"slide__desc\">Logic will get you from A to B. Imagination will take you anywhere<\/p>\n\t\t\t\t\t\t\t\t\t\t<a class=\"slide__link\" href=\"http:\/\/themes.themegoods.com\/architecturer\/demo\/single-portfolio-6\/\">View Project<\/a>\n\t\t\t\t<\/div>\n\t\t<\/div>\n\t<\/div>\n\t<nav class=\"slidenav\">\n\t\t<button class=\"slidenav__item slidenav__item--prev\"><i class=\"fas fa-arrow-left\"><\/i><\/button>\n\t\t<button class=\"slidenav__item slidenav__item--next\"><i class=\"fas fa-arrow-right\"><\/i><\/button>\n\t<\/nav>\n<\/div>\n\t\t<\/div>\n\t\t\t\t<\/div>\n\t\t\t\t\t<\/div>\n\t\t<\/div>\n\t\t\t\t\t\t\t<\/div>\n\t\t<\/section>\n\t\t\t\t\t\t\t<\/div>\n\t\t","protected":false},"excerpt":{"rendered":"<p>Riverside Home The life of a designer is one of fight: fight against the ugliness Portland Home Everything is designed. Few things are designed well Elegant Brick House Logic will get you from A to B. Imagination will take you [&hellip;]<\/p>\n","protected":false},"author":1,"featured_media":0,"parent":0,"menu_order":0,"comment_status":"closed","ping_status":"closed","template":"","meta":{"footnotes":""},"class_list":["post-1649","page","type-page","status-publish","hentry"],"yoast_head":"<!-- This site is optimized with the Yoast SEO plugin v22.5 - https:\/\/yoast.com\/wordpress\/plugins\/seo\/ -->\n<title>Animated Frame Slider - Bens Design<\/title>\n<meta name=\"robots\" content=\"index, follow, max-snippet:-1, max-image-preview:large, max-video-preview:-1\" \/>\n<link rel=\"canonical\" href=\"https:\/\/bensdesign.ma\/new2\/animated-frame-slider\/\" \/>\n<meta property=\"og:locale\" content=\"fr_FR\" \/>\n<meta property=\"og:type\" content=\"article\" \/>\n<meta property=\"og:title\" content=\"Animated Frame Slider - Bens Design\" \/>\n<meta property=\"og:description\" content=\"Riverside Home The life of a designer is one of fight: fight against the ugliness Portland Home Everything is designed. Few things are designed well Elegant Brick House Logic will get you from A to B. Imagination will take you [&hellip;]\" \/>\n<meta property=\"og:url\" content=\"https:\/\/bensdesign.ma\/new2\/animated-frame-slider\/\" \/>\n<meta property=\"og:site_name\" content=\"Bens Design\" \/>\n<meta name=\"twitter:card\" content=\"summary_large_image\" \/>\n<script type=\"application\/ld+json\" class=\"yoast-schema-graph\">{\"@context\":\"https:\/\/schema.org\",\"@graph\":[{\"@type\":\"WebPage\",\"@id\":\"https:\/\/bensdesign.ma\/new2\/animated-frame-slider\/\",\"url\":\"https:\/\/bensdesign.ma\/new2\/animated-frame-slider\/\",\"name\":\"Animated Frame Slider - Bens Design\",\"isPartOf\":{\"@id\":\"http:\/\/bensdesign.ma\/new2\/#website\"},\"datePublished\":\"2018-08-16T08:23:35+00:00\",\"dateModified\":\"2018-08-16T08:23:35+00:00\",\"breadcrumb\":{\"@id\":\"https:\/\/bensdesign.ma\/new2\/animated-frame-slider\/#breadcrumb\"},\"inLanguage\":\"fr-FR\",\"potentialAction\":[{\"@type\":\"ReadAction\",\"target\":[\"https:\/\/bensdesign.ma\/new2\/animated-frame-slider\/\"]}]},{\"@type\":\"BreadcrumbList\",\"@id\":\"https:\/\/bensdesign.ma\/new2\/animated-frame-slider\/#breadcrumb\",\"itemListElement\":[{\"@type\":\"ListItem\",\"position\":1,\"name\":\"Accueil\",\"item\":\"http:\/\/bensdesign.ma\/new2\/\"},{\"@type\":\"ListItem\",\"position\":2,\"name\":\"Animated Frame Slider\"}]},{\"@type\":\"WebSite\",\"@id\":\"http:\/\/bensdesign.ma\/new2\/#website\",\"url\":\"http:\/\/bensdesign.ma\/new2\/\",\"name\":\"Bens Design\",\"description\":\"Architecte d&#039;int\u00e9rieur | D\u00e9corateur d&#039;int\u00e9rieur | D\u00e9corateur\",\"publisher\":{\"@id\":\"http:\/\/bensdesign.ma\/new2\/#organization\"},\"potentialAction\":[{\"@type\":\"SearchAction\",\"target\":{\"@type\":\"EntryPoint\",\"urlTemplate\":\"http:\/\/bensdesign.ma\/new2\/?s={search_term_string}\"},\"query-input\":\"required name=search_term_string\"}],\"inLanguage\":\"fr-FR\"},{\"@type\":\"Organization\",\"@id\":\"http:\/\/bensdesign.ma\/new2\/#organization\",\"name\":\"Bens Design\",\"url\":\"http:\/\/bensdesign.ma\/new2\/\",\"logo\":{\"@type\":\"ImageObject\",\"inLanguage\":\"fr-FR\",\"@id\":\"http:\/\/bensdesign.ma\/new2\/#\/schema\/logo\/image\/\",\"url\":\"https:\/\/bensdesign.ma\/new2\/wp-content\/uploads\/2024\/01\/Sans-titre-1.png\",\"contentUrl\":\"https:\/\/bensdesign.ma\/new2\/wp-content\/uploads\/2024\/01\/Sans-titre-1.png\",\"width\":721,\"height\":155,\"caption\":\"Bens Design\"},\"image\":{\"@id\":\"http:\/\/bensdesign.ma\/new2\/#\/schema\/logo\/image\/\"}}]}<\/script>\n<!-- \/ Yoast SEO plugin. -->","yoast_head_json":{"title":"Animated Frame Slider - Bens Design","robots":{"index":"index","follow":"follow","max-snippet":"max-snippet:-1","max-image-preview":"max-image-preview:large","max-video-preview":"max-video-preview:-1"},"canonical":"https:\/\/bensdesign.ma\/new2\/animated-frame-slider\/","og_locale":"fr_FR","og_type":"article","og_title":"Animated Frame Slider - Bens Design","og_description":"Riverside Home The life of a designer is one of fight: fight against the ugliness Portland Home Everything is designed. Few things are designed well Elegant Brick House Logic will get you from A to B. Imagination will take you [&hellip;]","og_url":"https:\/\/bensdesign.ma\/new2\/animated-frame-slider\/","og_site_name":"Bens Design","twitter_card":"summary_large_image","schema":{"@context":"https:\/\/schema.org","@graph":[{"@type":"WebPage","@id":"https:\/\/bensdesign.ma\/new2\/animated-frame-slider\/","url":"https:\/\/bensdesign.ma\/new2\/animated-frame-slider\/","name":"Animated Frame Slider - Bens Design","isPartOf":{"@id":"http:\/\/bensdesign.ma\/new2\/#website"},"datePublished":"2018-08-16T08:23:35+00:00","dateModified":"2018-08-16T08:23:35+00:00","breadcrumb":{"@id":"https:\/\/bensdesign.ma\/new2\/animated-frame-slider\/#breadcrumb"},"inLanguage":"fr-FR","potentialAction":[{"@type":"ReadAction","target":["https:\/\/bensdesign.ma\/new2\/animated-frame-slider\/"]}]},{"@type":"BreadcrumbList","@id":"https:\/\/bensdesign.ma\/new2\/animated-frame-slider\/#breadcrumb","itemListElement":[{"@type":"ListItem","position":1,"name":"Accueil","item":"http:\/\/bensdesign.ma\/new2\/"},{"@type":"ListItem","position":2,"name":"Animated Frame Slider"}]},{"@type":"WebSite","@id":"http:\/\/bensdesign.ma\/new2\/#website","url":"http:\/\/bensdesign.ma\/new2\/","name":"Bens Design","description":"Architecte d&#039;int\u00e9rieur | D\u00e9corateur d&#039;int\u00e9rieur | D\u00e9corateur","publisher":{"@id":"http:\/\/bensdesign.ma\/new2\/#organization"},"potentialAction":[{"@type":"SearchAction","target":{"@type":"EntryPoint","urlTemplate":"http:\/\/bensdesign.ma\/new2\/?s={search_term_string}"},"query-input":"required name=search_term_string"}],"inLanguage":"fr-FR"},{"@type":"Organization","@id":"http:\/\/bensdesign.ma\/new2\/#organization","name":"Bens Design","url":"http:\/\/bensdesign.ma\/new2\/","logo":{"@type":"ImageObject","inLanguage":"fr-FR","@id":"http:\/\/bensdesign.ma\/new2\/#\/schema\/logo\/image\/","url":"https:\/\/bensdesign.ma\/new2\/wp-content\/uploads\/2024\/01\/Sans-titre-1.png","contentUrl":"https:\/\/bensdesign.ma\/new2\/wp-content\/uploads\/2024\/01\/Sans-titre-1.png","width":721,"height":155,"caption":"Bens Design"},"image":{"@id":"http:\/\/bensdesign.ma\/new2\/#\/schema\/logo\/image\/"}}]}},"_links":{"self":[{"href":"https:\/\/bensdesign.ma\/new2\/wp-json\/wp\/v2\/pages\/1649","targetHints":{"allow":["GET"]}}],"collection":[{"href":"https:\/\/bensdesign.ma\/new2\/wp-json\/wp\/v2\/pages"}],"about":[{"href":"https:\/\/bensdesign.ma\/new2\/wp-json\/wp\/v2\/types\/page"}],"author":[{"embeddable":true,"href":"https:\/\/bensdesign.ma\/new2\/wp-json\/wp\/v2\/users\/1"}],"replies":[{"embeddable":true,"href":"https:\/\/bensdesign.ma\/new2\/wp-json\/wp\/v2\/comments?post=1649"}],"version-history":[{"count":0,"href":"https:\/\/bensdesign.ma\/new2\/wp-json\/wp\/v2\/pages\/1649\/revisions"}],"wp:attachment":[{"href":"https:\/\/bensdesign.ma\/new2\/wp-json\/wp\/v2\/media?parent=1649"}],"curies":[{"name":"wp","href":"https:\/\/api.w.org\/{rel}","templated":true}]}}