{"id":1672,"date":"2018-08-16T08:51:49","date_gmt":"2018-08-16T08:51:49","guid":{"rendered":"http:\/\/themes.themegoods.com\/architecturer\/demo\/?page_id=1672"},"modified":"2018-08-16T08:51:49","modified_gmt":"2018-08-16T08:51:49","slug":"velo-slider","status":"publish","type":"page","link":"https:\/\/bensdesign.ma\/new2\/velo-slider\/","title":{"rendered":"Velo Slider"},"content":{"rendered":"\t\t<div data-elementor-type=\"wp-post\" data-elementor-id=\"1672\" class=\"elementor elementor-1672\">\n\t\t\t\t\t\t\t\t\t<section class=\"elementor-section elementor-top-section elementor-element elementor-element-6a9521e elementor-section-stretched elementor-section-height-full elementor-section-boxed elementor-section-height-default elementor-section-items-middle\" data-id=\"6a9521e\" data-element_type=\"section\" data-settings=\"{&quot;stretch_section&quot;:&quot;section-stretched&quot;,&quot;architecturer_ext_is_background_parallax&quot;:&quot;false&quot;,&quot;architecturer_ext_is_background_on_scroll&quot;:&quot;false&quot;}\">\n\t\t\t\t\t\t<div class=\"elementor-container elementor-column-gap-default\">\n\t\t\t\t\t<div class=\"elementor-column elementor-col-100 elementor-top-column elementor-element elementor-element-174c05e\" data-id=\"174c05e\" data-element_type=\"column\" data-settings=\"{&quot;architecturer_ext_is_mobile_menu&quot;:&quot;false&quot;,&quot;architecturer_ext_is_scrollme&quot;:&quot;false&quot;,&quot;architecturer_ext_is_smoove&quot;:&quot;false&quot;,&quot;architecturer_ext_is_parallax_mouse&quot;:&quot;false&quot;,&quot;architecturer_ext_is_infinite&quot;:&quot;false&quot;,&quot;architecturer_ext_is_fadeout_animation&quot;:&quot;false&quot;}\">\n\t\t\t<div class=\"elementor-widget-wrap elementor-element-populated\">\n\t\t\t\t\t\t\t\t<div class=\"elementor-element elementor-element-f4c96ab elementor-widget elementor-widget-photographer-slider-velo\" data-id=\"f4c96ab\" data-element_type=\"widget\" data-settings=\"{&quot;architecturer_ext_is_mobile_menu&quot;:&quot;false&quot;,&quot;architecturer_ext_is_scrollme&quot;:&quot;false&quot;,&quot;architecturer_ext_is_smoove&quot;:&quot;false&quot;,&quot;architecturer_ext_is_parallax_mouse&quot;:&quot;false&quot;,&quot;architecturer_ext_is_infinite&quot;:&quot;false&quot;,&quot;architecturer_ext_is_fadeout_animation&quot;:&quot;false&quot;}\" data-widget_type=\"photographer-slider-velo.default\">\n\t\t\t\t<div class=\"elementor-widget-container\">\n\t\t\t<section class=\"tg_velo_slide_container velo-slides\" data-velo-slider=\"on\">\n\t\t<section class=\"velo-slide is-hovering\">\n\t\t\t<div class=\"velo-slide__bg\">\n\t        \t<span class=\"border\"><span><\/span><\/span>\n\t\t\t\t<figure class=\"velo-slide__figure\" style=\"background-image: url(http:\/\/themes.themegoods.com\/architecturer\/demo\/wp-content\/uploads\/2018\/08\/Mid-Century-Modern-10.-Matt-Gibson.jpg)\"><\/figure>\n\t      \t<\/div>\n\t\t\t\n\t\t\t<header class=\"velo-slide__header\">\n\t\t\t\t\t\t        <h2 class=\"velo-slide__title\"><span class=\"oh\"><span>Modern Minimalist House<\/span><\/span><\/h2>\n\t\t        \t\t        \n\t\t        \t\t        <p class=\"velo-slide__text\"><span class=\"oh\"><span>If you have built castles in the air, your work need not be lost; that is where they should be. Now put the foundations under them.<\/span><\/span><\/p>\n\t\t        \t\t        \n\t\t        \t\t        <span class=\"velo-slide__btn\"><a class=\"btn-draw btn--white\" href=\"http:\/\/themes.themegoods.com\/architecturer\/demo\/single-portfolio-6\/\" ><span class=\"btn-draw__text\"><span>View Project<\/span><\/span><\/a><\/span>\n\t\t        \t      \t<\/header>\n\t\t<\/section>\n\t\t<section class=\"velo-slide is-hovering\">\n\t\t\t<div class=\"velo-slide__bg\">\n\t        \t<span class=\"border\"><span><\/span><\/span>\n\t\t\t\t<figure class=\"velo-slide__figure\" style=\"background-image: url(http:\/\/themes.themegoods.com\/architecturer\/demo\/wp-content\/uploads\/2018\/08\/A1KvjZmiERL.jpg)\"><\/figure>\n\t      \t<\/div>\n\t\t\t\n\t\t\t<header class=\"velo-slide__header\">\n\t\t\t\t\t\t        <h2 class=\"velo-slide__title\"><span class=\"oh\"><span>Contemporary Modern House<\/span><\/span><\/h2>\n\t\t        \t\t        \n\t\t        \t\t        <p class=\"velo-slide__text\"><span class=\"oh\"><span>The most innovative designers consciously reject the standard option box and cultivate an appetite for thinking wrong.<\/span><\/span><\/p>\n\t\t        \t\t        \n\t\t        \t\t        <span class=\"velo-slide__btn\"><a class=\"btn-draw btn--white\" href=\"http:\/\/themes.themegoods.com\/architecturer\/demo\/single-portfolio-4\/\" ><span class=\"btn-draw__text\"><span>View Project<\/span><\/span><\/a><\/span>\n\t\t        \t      \t<\/header>\n\t\t<\/section>\n\t\t<section class=\"velo-slide is-hovering\">\n\t\t\t<div class=\"velo-slide__bg\">\n\t        \t<span class=\"border\"><span><\/span><\/span>\n\t\t\t\t<figure class=\"velo-slide__figure\" style=\"background-image: url(http:\/\/themes.themegoods.com\/architecturer\/demo\/wp-content\/uploads\/2018\/08\/modern-architecture-design-guidelines-on-1750x1167-architecture-amazing-modern-lake-house-with-green-environment-and.jpg)\"><\/figure>\n\t      \t<\/div>\n\t\t\t\n\t\t\t<header class=\"velo-slide__header\">\n\t\t\t\t\t\t        <h2 class=\"velo-slide__title\"><span class=\"oh\"><span>Rustic Steel House<\/span><\/span><\/h2>\n\t\t        \t\t        \n\t\t        \t\t        <p class=\"velo-slide__text\"><span class=\"oh\"><span>For me, design is like choosing what I&#039;m going to wear for the day \u2013 only much more complicated and not really the same at all<\/span><\/span><\/p>\n\t\t        \t\t        \n\t\t        \t\t        <span class=\"velo-slide__btn\"><a class=\"btn-draw btn--white\" href=\"http:\/\/themes.themegoods.com\/architecturer\/demo\/single-portfolio-5\/\" ><span class=\"btn-draw__text\"><span>View Project<\/span><\/span><\/a><\/span>\n\t\t        \t      \t<\/header>\n\t\t<\/section>\n<\/section>\n\n<nav class=\"velo-slides-nav\">\n  <ul class=\"velo-slides-nav__list\">\n    <li>\n      <a class=\"js-velo-slides-prev velo-slides-nav__prev inactive\" href=\"#0\"><i class=\"icon-up-arrow\"><\/i><\/a>\n    <\/li>\n    <li>\n      <a class=\"js-velo-slides-next velo-slides-nav__next\" href=\"#0\"><i class=\"icon-down-arrow\"><\/i><\/a>\n    <\/li>\n  <\/ul>\n<\/nav>\n\t\t<\/div>\n\t\t\t\t<\/div>\n\t\t\t\t\t<\/div>\n\t\t<\/div>\n\t\t\t\t\t\t\t<\/div>\n\t\t<\/section>\n\t\t\t\t\t\t\t<\/div>\n\t\t","protected":false},"excerpt":{"rendered":"<p>Modern Minimalist House If you have built castles in the air, your work need not be lost; that is where they should be. Now put the foundations under them. Contemporary Modern House The most innovative designers consciously reject the standard [&hellip;]<\/p>\n","protected":false},"author":1,"featured_media":0,"parent":0,"menu_order":0,"comment_status":"closed","ping_status":"closed","template":"","meta":{"footnotes":""},"class_list":["post-1672","page","type-page","status-publish","hentry"],"yoast_head":"<!-- This site is optimized with the Yoast SEO plugin v22.5 - https:\/\/yoast.com\/wordpress\/plugins\/seo\/ -->\n<title>Velo Slider - Bens Design<\/title>\n<meta name=\"robots\" content=\"index, follow, max-snippet:-1, max-image-preview:large, max-video-preview:-1\" \/>\n<link rel=\"canonical\" href=\"http:\/\/bensdesign.ma\/new2\/velo-slider\/\" \/>\n<meta property=\"og:locale\" content=\"fr_FR\" \/>\n<meta property=\"og:type\" content=\"article\" \/>\n<meta property=\"og:title\" content=\"Velo Slider - Bens Design\" \/>\n<meta property=\"og:description\" content=\"Modern Minimalist House If you have built castles in the air, your work need not be lost; that is where they should be. Now put the foundations under them. Contemporary Modern House The most innovative designers consciously reject the standard [&hellip;]\" \/>\n<meta property=\"og:url\" content=\"http:\/\/bensdesign.ma\/new2\/velo-slider\/\" \/>\n<meta property=\"og:site_name\" content=\"Bens Design\" \/>\n<meta name=\"twitter:card\" content=\"summary_large_image\" \/>\n<script type=\"application\/ld+json\" class=\"yoast-schema-graph\">{\"@context\":\"https:\/\/schema.org\",\"@graph\":[{\"@type\":\"WebPage\",\"@id\":\"http:\/\/bensdesign.ma\/new2\/velo-slider\/\",\"url\":\"http:\/\/bensdesign.ma\/new2\/velo-slider\/\",\"name\":\"Velo Slider - Bens Design\",\"isPartOf\":{\"@id\":\"http:\/\/bensdesign.ma\/new2\/#website\"},\"datePublished\":\"2018-08-16T08:51:49+00:00\",\"dateModified\":\"2018-08-16T08:51:49+00:00\",\"breadcrumb\":{\"@id\":\"http:\/\/bensdesign.ma\/new2\/velo-slider\/#breadcrumb\"},\"inLanguage\":\"fr-FR\",\"potentialAction\":[{\"@type\":\"ReadAction\",\"target\":[\"http:\/\/bensdesign.ma\/new2\/velo-slider\/\"]}]},{\"@type\":\"BreadcrumbList\",\"@id\":\"http:\/\/bensdesign.ma\/new2\/velo-slider\/#breadcrumb\",\"itemListElement\":[{\"@type\":\"ListItem\",\"position\":1,\"name\":\"Accueil\",\"item\":\"http:\/\/bensdesign.ma\/new2\/\"},{\"@type\":\"ListItem\",\"position\":2,\"name\":\"Velo Slider\"}]},{\"@type\":\"WebSite\",\"@id\":\"http:\/\/bensdesign.ma\/new2\/#website\",\"url\":\"http:\/\/bensdesign.ma\/new2\/\",\"name\":\"Bens Design\",\"description\":\"Architecte d&#039;int\u00e9rieur | D\u00e9corateur d&#039;int\u00e9rieur | D\u00e9corateur\",\"publisher\":{\"@id\":\"http:\/\/bensdesign.ma\/new2\/#organization\"},\"potentialAction\":[{\"@type\":\"SearchAction\",\"target\":{\"@type\":\"EntryPoint\",\"urlTemplate\":\"http:\/\/bensdesign.ma\/new2\/?s={search_term_string}\"},\"query-input\":\"required name=search_term_string\"}],\"inLanguage\":\"fr-FR\"},{\"@type\":\"Organization\",\"@id\":\"http:\/\/bensdesign.ma\/new2\/#organization\",\"name\":\"Bens Design\",\"url\":\"http:\/\/bensdesign.ma\/new2\/\",\"logo\":{\"@type\":\"ImageObject\",\"inLanguage\":\"fr-FR\",\"@id\":\"http:\/\/bensdesign.ma\/new2\/#\/schema\/logo\/image\/\",\"url\":\"https:\/\/bensdesign.ma\/new2\/wp-content\/uploads\/2024\/01\/Sans-titre-1.png\",\"contentUrl\":\"https:\/\/bensdesign.ma\/new2\/wp-content\/uploads\/2024\/01\/Sans-titre-1.png\",\"width\":721,\"height\":155,\"caption\":\"Bens Design\"},\"image\":{\"@id\":\"http:\/\/bensdesign.ma\/new2\/#\/schema\/logo\/image\/\"}}]}<\/script>\n<!-- \/ Yoast SEO plugin. -->","yoast_head_json":{"title":"Velo Slider - Bens Design","robots":{"index":"index","follow":"follow","max-snippet":"max-snippet:-1","max-image-preview":"max-image-preview:large","max-video-preview":"max-video-preview:-1"},"canonical":"http:\/\/bensdesign.ma\/new2\/velo-slider\/","og_locale":"fr_FR","og_type":"article","og_title":"Velo Slider - Bens Design","og_description":"Modern Minimalist House If you have built castles in the air, your work need not be lost; that is where they should be. Now put the foundations under them. Contemporary Modern House The most innovative designers consciously reject the standard [&hellip;]","og_url":"http:\/\/bensdesign.ma\/new2\/velo-slider\/","og_site_name":"Bens Design","twitter_card":"summary_large_image","schema":{"@context":"https:\/\/schema.org","@graph":[{"@type":"WebPage","@id":"http:\/\/bensdesign.ma\/new2\/velo-slider\/","url":"http:\/\/bensdesign.ma\/new2\/velo-slider\/","name":"Velo Slider - Bens Design","isPartOf":{"@id":"http:\/\/bensdesign.ma\/new2\/#website"},"datePublished":"2018-08-16T08:51:49+00:00","dateModified":"2018-08-16T08:51:49+00:00","breadcrumb":{"@id":"http:\/\/bensdesign.ma\/new2\/velo-slider\/#breadcrumb"},"inLanguage":"fr-FR","potentialAction":[{"@type":"ReadAction","target":["http:\/\/bensdesign.ma\/new2\/velo-slider\/"]}]},{"@type":"BreadcrumbList","@id":"http:\/\/bensdesign.ma\/new2\/velo-slider\/#breadcrumb","itemListElement":[{"@type":"ListItem","position":1,"name":"Accueil","item":"http:\/\/bensdesign.ma\/new2\/"},{"@type":"ListItem","position":2,"name":"Velo Slider"}]},{"@type":"WebSite","@id":"http:\/\/bensdesign.ma\/new2\/#website","url":"http:\/\/bensdesign.ma\/new2\/","name":"Bens Design","description":"Architecte d&#039;int\u00e9rieur | D\u00e9corateur d&#039;int\u00e9rieur | D\u00e9corateur","publisher":{"@id":"http:\/\/bensdesign.ma\/new2\/#organization"},"potentialAction":[{"@type":"SearchAction","target":{"@type":"EntryPoint","urlTemplate":"http:\/\/bensdesign.ma\/new2\/?s={search_term_string}"},"query-input":"required name=search_term_string"}],"inLanguage":"fr-FR"},{"@type":"Organization","@id":"http:\/\/bensdesign.ma\/new2\/#organization","name":"Bens Design","url":"http:\/\/bensdesign.ma\/new2\/","logo":{"@type":"ImageObject","inLanguage":"fr-FR","@id":"http:\/\/bensdesign.ma\/new2\/#\/schema\/logo\/image\/","url":"https:\/\/bensdesign.ma\/new2\/wp-content\/uploads\/2024\/01\/Sans-titre-1.png","contentUrl":"https:\/\/bensdesign.ma\/new2\/wp-content\/uploads\/2024\/01\/Sans-titre-1.png","width":721,"height":155,"caption":"Bens Design"},"image":{"@id":"http:\/\/bensdesign.ma\/new2\/#\/schema\/logo\/image\/"}}]}},"_links":{"self":[{"href":"https:\/\/bensdesign.ma\/new2\/wp-json\/wp\/v2\/pages\/1672","targetHints":{"allow":["GET"]}}],"collection":[{"href":"https:\/\/bensdesign.ma\/new2\/wp-json\/wp\/v2\/pages"}],"about":[{"href":"https:\/\/bensdesign.ma\/new2\/wp-json\/wp\/v2\/types\/page"}],"author":[{"embeddable":true,"href":"https:\/\/bensdesign.ma\/new2\/wp-json\/wp\/v2\/users\/1"}],"replies":[{"embeddable":true,"href":"https:\/\/bensdesign.ma\/new2\/wp-json\/wp\/v2\/comments?post=1672"}],"version-history":[{"count":0,"href":"https:\/\/bensdesign.ma\/new2\/wp-json\/wp\/v2\/pages\/1672\/revisions"}],"wp:attachment":[{"href":"https:\/\/bensdesign.ma\/new2\/wp-json\/wp\/v2\/media?parent=1672"}],"curies":[{"name":"wp","href":"https:\/\/api.w.org\/{rel}","templated":true}]}}